y(h) = h + 7. Let u be y(q). Let g(l) = -67 + 68 + 3*l**2 - 10*l**2. Give g(u).
-6
Let s(c) = 9*c - 538. Let g be s(61). Let r(v) = v**2 - 13*v + 15. Determine r(g).
-7
Let i(r) = 5*r**2 + 7*r + 492 - 489 - 3*r**2. Give i(-5).
18
Let v(z) = -4*z + 1. Let d(r) = r. Let t(x) = -2*d(x) - v(x). Let n = -1 - -3. Let i be -1 + -1 + (-4)/n. Determine t(i).
-9
Let n be (10/35 - 15/(-21))/(-1). Let t(d) = 4*d + 4. What is t(n)?
0
Let v(q) = 17*q**2 + 5*q + 2. Let b be v(-1). Let m be -2 - 0 - (b - 14). Let k(f) = -f - 3. What is k(m)?
-1
Let c = -301 - -299. Let x(q) = -9*q + 2. Give x(c).
20
Let t(q) be the first derivative of q**2/2 + 8. Let d(o) = 3*o - 8. Let z(x) = d(x) - 4*t(x). What is z(0)?
-8
Let q(x) be the first derivative of -x**5/24 - 4*x**3 + 23. Let v(u) be the third derivative of q(u). What is v(3)?
-15
Let z(n) = -190*n - 179*n + 365*n + 5. Determine z(-2).
13
Let u(l) = -l**3 + 4*l**2 + 6*l. Suppose 0*i = -i + 2. Suppose -i*j - 22 = 4*r, 0*r = 3*r - 5*j + 23. Let p = r + 11. What is u(p)?
5
Let m(j) = 37*j + 2. Let g be m(-1). Let a = -29 - g. Let r(y) = -y**3 + 7*y**2 - 9*y + 9. Calculate r(a).
-9
Let a(b) = -6*b**3 - b + 1. Let q(i) be the first derivative of -3*i**4 - i**2 + 2*i - 8. Let l(f) = 13*a(f) - 6*q(f). Give l(1).
-6
Suppose 24 = -73*s + 81*s. Let g(j) = 5*j - 18. Give g(s).
-3
Let f(d) = -1 + 10*d + 8*d - 22*d - 3. Give f(-8).
28
Suppose -3*v = 17 - 2. Let d(o) = 3*o - 2. Let p(h) = -4*h + 3. Let x(m) = v*p(m) - 6*d(m). Give x(-8).
-19
Let g = -153 + 162. Let k(q) = 25 - 4 + 2*q - g - 5. What is k(-7)?
-7
Suppose -49 = 13*h - 49. Let w(i) = -2 + 3*i**2 + 1 - 2*i**2. Determine w(h).
-1
Let y be 3 + (-3 - 9/(-3)). Suppose -a + 5 + 6 = -y*g, 2*g + a = -14. Let i(n) be the second derivative of -n**4/12 - n**3 - 3*n**2 - 5*n. Give i(g).
-1
Let p(l) = l**2 + 10*l - 9. Let y be p(-11). Let v(r) = r**2 + r - 8*r**2 + 2*r**3 + 4*r**2 + 1 + 1 - 4*r**3. Determine v(y).
-24
Let z = -35 + 39. Let k(s) = -1 + 0*s - z*s + 3*s + s**2. What is k(0)?
-1
Let y(p) = 6*p**2 + 2*p - 1. Let x be y(1). Let r = -11 + x. Let a be ((-4)/r)/(-1 + 2). Let q(z) = 8*z**2 + z - 1. What is q(a)?
8
Suppose 7*z - z + 162 = 0. Let m = z - -26. Let x(v) = 3*v**3 - v**2 + 1. Give x(m).
-3
Let x = -64 + 67. Let z(r) = -r**2 + 4*r - 1 + 6*r**x + 2*r**3 - 2*r + 0. Determine z(1).
8
Let v(j) = j**2 + 3*j - 1. Let h be 3 - (-2)/5*-5. Let q be v(h). Let p(s) = -3*s**2 + 1 + q - 7*s**2 - 3 - 2*s. Calculate p(1).
-11
Let b(f) = -11*f + 23. Let l be b(2). Let p(x) = 10*x**3 - 2*x**2 + 2*x - 1. Calculate p(l).
9
Let m(o) = 3*o**2 - 3*o - 2. Let s(a) = a**2 - a - 1. Let f(y) = -m(y) + s(y). Determine f(-1).
-3
Let h(b) = b**2. Let x(t) = -t**3 + 5*t + 6. Let u(d) = 4*h(d) - x(d). Let o be (-6273)/(-85) - 2/(-10). Let w = o - 79. What is u(w)?
-6
Let l(j) = -j**3 + 5*j**2 - 3*j + 3. Suppose -g + 1 = 3. Let b(r) = 2*r**2 + 3*r. Let a be b(g). What is l(a)?
9
Let k(a) = -2*a**3 - 16*a + 14. Let z be k(1). Let x(f) = -f - 9. Determine x(z).
-5
Suppose -s = s - 10. Suppose 3*h = h + 6, -2*u - s*h + 21 = 0. Let q(p) = 5*p + 2*p - 4*p + u*p. What is q(-1)?
-6
Let c be -2*((-2)/(-9) - 110/(-396)). Let o(g) = -9*g**3 + g**2 + 2*g + 1. Give o(c).
9
Let o be ((-1)/(2*(-5)/10))/1. Let f(r) = 5*r**2 + 2*r - 1. Determine f(o).
6
Suppose -11*o + 46*o + 175 = 0. Let m(t) = -t**3 - 4*t**2 + 4*t. Calculate m(o).
5
Let g be (-17)/(-15) - ((-8)/(-30))/2. Let j(b) be the second derivative of -b**4/12 - b**2/2 - 7*b. Give j(g).
-2
Let h(c) = -c + 2. Let f be 15*(16/10 + -2). Let x be (-3 - f)/6*4. Let q be h(x). Let g(l) = -l**2 + 10. Determine g(q).
10
Let b be 5*-3 - (-2 + (-21)/7). Let v(d) = -d + 14. Give v(b).
24
Let c(l) = -3*l - 12. Let a(n) = 3*n**2 + 52*n - 30. Let w be a(-18). Calculate c(w).
-30
Suppose 3*j + 19 = 5*w, -2*w - j = -0*j - 12. Let c(r) = r - 6. Let b(q) = -2*q + 12. Let u(s) = 6*b(s) + 11*c(s). What is u(w)?
1
Suppose c + 35 = 5*v, -3*c - 9 - 5 = -2*v. Let l(s) = 3*s + 2. What is l(v)?
23
Let m(t) = -t**3 + 3. Let v(i) = -i**2 + 1 - 34*i**3 + 1 + 3*i + 33*i**3. Let n be v(-2). What is m(n)?
3
Let i(a) = a + 5. Let p be 456/190*(-5)/(-3). Calculate i(p).
9
Let t(b) = b**3 - b**2 - 4*b. Suppose 0 = 2*l - q - 0*q + 1, -16 = 2*l - 4*q. Let m be (l - 10)*(-30)/(-24). Let w be 4/(-20) + (-32)/m. Give t(w).
6
Let y(m) be the second derivative of -m**5/12 + m**4/12 + 9*m**3/2 + 18*m. Let r(w) be the second derivative of y(w). Calculate r(2).
-18
Let w(i) = 4 + 4 - 1 + 0 - 5 - 3*i - i**2. What is w(-3)?
2
Let v(p) = -p**2 - 10*p + 1. Let h = -91 - -82. Determine v(h).
10
Let u(n) = -n**3 + 3*n**2 + n. Let q be u(3). Suppose -3*w - x - 29 + q = 0, -2*w - 14 = 4*x. Let r = -7 - w. Let z(h) = 2*h + 2. Determine z(r).
6
Let r(y) = y**3 + 2*y**2 - 6*y - 2. Let q be r(-5). Let d = q + 47. Let i(o) = o + 4. Give i(d).
4
Let b(f) be the second derivative of f**5/20 + 2*f**4/3 - f**3/3 - 6*f**2 - 20*f - 2. Determine b(-8).
4
Suppose o + 16 = -3*o, -3*o = -3*x + 15. Let t = -5 + 8. Let y(j) = -1 + 7*j**2 - 7*j**2 + 13*j**t. Give y(x).
12
Let g(l) = -l**2 - 4*l + 4. Let a = -11 + 13. Determine g(a).
-8
Let k be (-12 + 13)/((-5)/(-6) + -1). Let x(b) = 14*b**2 - 2*b + 32. Let i(d) = 5*d**2 - d + 11. Let z(u) = k*x(u) + 17*i(u). What is z(5)?
-5
Let l(d) = -3*d + 4 - 12 + 4 - 10 - 7. Give l(10).
-51
Let p(c) = 2*c - 18. Let q(i) = -5*i + 46. Let b(k) = -8*p(k) - 3*q(k). Give b(0).
6
Let q(s) = -s + 162. Let c(i) = 25. Let j(d) = -13*c(d) + 2*q(d). Let o be 0 + 1 - (-1 - 0). Calculate j(o).
-5
Let u(n) = -280 + 9*n**3 - 3*n + 0*n - 10*n**3 + 5*n**2 + 276. Suppose -3*o + 2*y + 2 = -0, 2*y = 10. What is u(o)?
0
Let y(q) = 7*q**2. Suppose 5*l - 4*z - 137 = 0, 0 = -2*l - 5*z + 11 + 57. Let c = l + -28. Give y(c).
7
Let k(g) = 7*g**3 + 8*g**2 - 6*g - 7. Let y(r) = -8*r**3 - 11*r**2 + 8*r + 7. Let n(o) = -7*k(o) - 6*y(o). Determine n(10).
-53
Let n(g) = 6*g - 42. Let c be n(7). Let x(f) = f**2 + 11. Calculate x(c).
11
Let u = -50 + 52. Suppose 0 = 3*x - 5*c - 13 - 12, -u*c = 4. Let h(k) = k**3 - 6*k**2 + 4*k + 4. What is h(x)?
-1
Suppose 18 = 2*z + y - 3*y, -6 = -2*z - 2*y. Suppose 8 - z = p. Suppose 3 = -o - p. Let x(i) = i**2 + 3*i - 7. What is x(o)?
3
Let b(t) = t**3 + 4*t**2 + 4*t - 7. Let q(a) = a**2 + a - 1. Let r(s) = b(s) - 4*q(s). Let f be -28 + (3 + 1)/(-1). Let j = 32 + f. Give r(j).
-3
Let j(z) = z**3 + 6*z**2 + 4*z + 2. Suppose 6*p - 4*p + 4*y - 24 = 0, 3*p + 3*y - 42 = 0. Let g be ((-20)/p)/((-1)/(-4)). Calculate j(g).
7
Let m = 49 + -49. Let n(w) = 0*w**2 - 6 - w + 6*w + m + w**2. What is n(-5)?
-6
Let w(h) = 160 - 55 - 57 - 56 + 8*h - h**2. Give w(7).
-1
Let b(g) be the second derivative of g**4/12 - 8*g**3/3 - 3*g**2 + 14*g. Let q be b(16). Let w(v) = v**3 + 5*v**2 - 8*v - 6. Give w(q).
6
Let f(c) be the second derivative of -c**2 - 2/3*c**3 + 0 - 9*c + 1/12*c**4. What is f(4)?
-2
Let d(c) = c**3 - 7*c**2 - 8*c + 5. Let x(k) = k**3 - 28*k**2 + 25*k + 62. Let g be x(27). Calculate d(g).
5
Let l(x) be the first derivative of x**3/3 - 13*x**2/2 + 21*x + 506. Give l(11).
-1
Let y(x) = -18*x + 138. Suppose 7 - 18 = -z - s, -4*s = 3*z - 36. Calculate y(z).
-6
Let o(a) = -a**2 + a - 16. Let c be (0 + 8/6)/(36/162). Suppose c*m - m = m. Calculate o(m).
-16
Let h(x) = -x**2 - x + 1. Let o(i) = 2*i**2 - 4*i. Let k(f) = -5*h(f) + o(f). Let b(z) = 13*z**2 + 3*z - 10. Let d(l) = -6*b(l) + 11*k(l). Determine d(-7).
5
Let f(k) = -k**3 - 2*k**2 - k - 7. Let s be 1725/(-675) + 4/(-9). Determine f(s).
5
Let o be 48/28*(-21)/(-6). Suppose 2*s - o = 8*s. Let i(x) = x. Let a(r) = 5*r - 1. Let b(h) = -a(h) + 6*i(h). Calculate b(s).
0
Let d(l) = 2*l - 329 - 313 + 629. Determine d(9).
5
Let w be (-2)/((21/(-6))/(-7)). Let d(u) = 0 + 2 + 5*u + u**2 + 0. Calculate d(w).
-2
Let l(q) = q**3 - 4*q**2 - 4. Let j = 43 - 39. Determine l(j).
-4
Let m(p) be the first derivative of -p**2 - 10*p - 80. Calculate m(-4).
-2
Let p(c) = -c + 3. Let r(g) = -g**2 - 2*g + 18. Let b be r(3). What is p(b)?
0
Let r(o) = 29*o + 3. Let x(t) = -10*t - 1. Let f(a) = a**3 - 5*a**2 + 6*a - 13. Let h = 24 + -19. Let s be f(h). Let y(i) = s*x(i) + 6*r(i). Determine y(-1).
-3
Let f be 115/20 + (-3)/(-12). Let h = -2 - -15. Let y(g) = f*g - h*g + 5*g + 6. Give y(5).
-4
Let j(w) = 3*w - 1. Let c(i) = i - 1. Let t = -25 - -24. Let g